ppose 0 = -d + 3*m - 12, 3*m - 27 = -u*d - 0. Let o(h) = h**3 - 2*h**2 - 2*h + 4. Give o(d).
7
Let a(n) = 3*n**2 - 9*n + 7. Let o = 20 - 12. Let k(l) = -5*l**2 + 14*l - 11. Let y(g) = o*a(g) + 5*k(g). Suppose -5*z = -4 - 1. Calculate y(z).
-2
Let y be 8 - (27 + (-40)/5). Let i(j) = -j**2 - 10*j - 14. What is i(y)?
-25
Let c(z) = -z**3 - 6*z**2 + 2*z + 7. Let d(o) = -16 - 13*o + 23*o - 9*o. Let q be d(10). Determine c(q).
-5
Let p(g) be the third derivative of 5*g**4/24 - g**3/3 - 2*g**2 + 2*g. Give p(1).
3
Let f(r) = -3*r - 35. Let d be f(-19). Let t(l) = d - 27*l + 49*l - 21*l. What is t(0)?
22
Suppose -10 = d - 5*a + 2*a, 0 = -3*d + a - 30. Let r(l) = -2*l**2 - 20*l + 8. Determine r(d).
8
Let k = 56 + -50. Let a(f) = -f**3 + 5*f**2 + 8*f + 1. What is a(k)?
13
Let h be ((-3 - -3)/4)/4. Let m(g) = 2*g**2 + 5*g - 24. Let v = 0 - -2. Let u(q) = q**2 + 2*q - 12. Let s(n) = v*m(n) - 5*u(n). What is s(h)?
12
Let c(p) = p - 2. Let u be (1 - 3)/(-4)*0. Let g = 18 - u. Suppose 16*i - g*i = 0. Calculate c(i).
-2
Let y(x) = -x**2 - x. Let g(h) = -h**3 + 19*h**2 + 20*h - 4. Let n be g(20). Calculate y(n).
-12
Suppose -30 = 2*m + 3*h - 11, -3*m + h = 23. Let c(a) = a + 5. What is c(m)?
-3
Suppose 0 = -3*c + 11 + 4. Let a(h) = c*h + h - 3*h + 4 - 5*h. Give a(4).
-4
Let w(y) = 25*y**3 + y**2 + y - 1. Let k(o) = -4*o**2 + 20*o - 15. Let s be k(4). Determine w(s).
26
Let x(n) be the second derivative of n**3/6 - 3*n**2 - 756*n. Calculate x(-4).
-10
Let x(j) = -8*j**3 + 3*j**2 - 5*j + 4. Let l(h) = -9*h**3 + 4*h**2 - 6*h + 5. Let d(b) = -3*l(b) + 4*x(b). Let u be 9/3 + (-10)/5. What is d(u)?
-6
Let f(v) = -v + 4*v**3 - 1 - v**2 + 7*v**3 - 10*v**3. Let b(h) = -6*h**3 + 2*h**2 + 7*h + 6. Let u(g) = -b(g) - 4*f(g). Let i = -8 + 6. Determine u(i).
-4
Suppose 8 + 2 = 2*r. Suppose -q + 22 = 4*g, 4*q + r*g - 3 = 41. Let o(z) = -2*z + 6. Determine o(q).
-6
Suppose -4*f - 136 = 3*j - 9*f, -4*j = -4*f + 168. Let h = j - -43. Let p(m) = -m**2 + 1. Let t(w) = -6*w**2 + 7*w - 2. Let u(q) = 5*p(q) - t(q). What is u(h)?
1
Let b(u) = 4*u**2 + 14*u + 7. Let d(k) = -k**2 - 2*k. Let i(c) = -b(c) - 5*d(c). Determine i(5).
-2
Let q(f) be the third derivative of -f**4/6 + f**3/3 - 1332*f**2. Let n(c) = -c**3 + 7*c**2 - 6*c + 2. Let p be n(6). Give q(p).
-6
Let l(o) = -10525*o + 0*o**3 - o**3 - 3 + 2*o**2 + 10525*o + 2*o**2. Suppose 0 = 3*d - 3, -4*h = -3*d - 8 - 5. Calculate l(h).
-3
Suppose -3*v + 3*k = -0*k - 21, 2*v - 20 = 5*k. Suppose -v = 2*r + 1. Let m(w) = w**3 + 5*w**2 + w - 4. Give m(r).
11
Suppose -10 - 14 = -4*f. Let w(k) = k**3 - 7*k**2 + 8*k - 4. Calculate w(f).
8
Let f be 396/55 + (-2)/10. Let m(c) = 10*c**2 - c**3 - 5*c + 3*c**2 + 1 + 0 - f*c**2. Give m(5).
1
Let o(l) be the third derivative of -l**7/2520 + 7*l**6/720 + l**5/30 + 9*l**4/8 - 21*l**2. Let s(q) be the second derivative of o(q). What is s(8)?
-4
Suppose -88*v + 113*v - 275 = 0. Let a(k) = k**2 - 15*k. Give a(v).
-44
Let o(k) be the first derivative of k**5/60 + 5*k**4/24 + 2*k**3/3 - 15*k**2/2 - 4. Let d(q) be the second derivative of o(q). What is d(-5)?
4
Let y(w) be the second derivative of w**3/2 - w**2/2 - 57*w. Determine y(5).
14
Let l(v) = 4*v**3 + 8*v**2 + 35*v + 17. Let j(k) = -k**3 - 3*k**2 - 11*k - 5. Let w(f) = -7*j(f) - 2*l(f). What is w(7)?
-48
Let o(w) = w**3 + 3*w**2 - 5*w - 2. Suppose 4*b - 107 = 37. Suppose -2*q + 5*l - 20 = 2*l, -4*l + b = -5*q. What is o(q)?
2
Let o be 0/((-272)/(-16)) - 6*-1. Let z(v) = -3*v - 14. Calculate z(o).
-32
Let j(x) be the second derivative of -x**3/6 + x**2/2 - 12*x. Suppose -4*c - 18 = -c. Determine j(c).
7
Let k(n) = -11 + 0*n + 2*n + 9 - 24. Let t be k(13). Let s(d) = d**2 + d + 2. Determine s(t).
2
Let u(b) = 13*b - 2 - 16*b + 5*b. What is u(0)?
-2
Let i(v) be the second derivative of 5*v**3/6 + 2*v. Let s be (6/(-16) - (-304)/128)/(1 + -2). What is i(s)?
-10
Let j(r) = 6 - r + 8 + 2*r - 6. Let o be j(-7). Let a(q) = -2 - q + 1 + 3*q. What is a(o)?
1
Suppose 0 = 5*y - 706 + 676. Let r(u) be the second derivative of 0 - 1/6*u**3 - u + 5/2*u**2. Calculate r(y).
-1
Let p(i) = i**3 + 5*i**2 + 4*i - 5. Suppose 3*c = 8*c - 15. Suppose -5 + c = t. Let q(x) = -2*x**2 - x + 2. Let n be q(t). Give p(n).
-5
Let a = 2260 + -2258. Let b(m) be the second derivative of 0 - a*m**2 - 10*m + 1/12*m**4 + 0*m**3. What is b(-3)?
5
Let j(a) = 2*a + 8. Suppose 8*p = -4*p - 2*p. What is j(p)?
8
Let g be (-14)/4*(-16)/14 - 15. Let n be 5*((-224)/(-385) - (-2)/g). Let j(c) = -3*c**2 + c + 1. What is j(n)?
-9
Suppose -3*r = 4 + 20. Let o be -4*6/r + -1. Let h(p) = 2*p**3 + 3 - 7*p**o - 4 - 3*p**3 + 2 - 5*p. Calculate h(-6).
-5
Let v(u) = 11*u**3 + 0*u + 16*u - 17*u. Give v(-1).
-10
Let n(q) = q - 1. Let c(a) = 1. Suppose 22 = 6*d + 4. Let l(s) = d*c(s) + n(s). Determine l(-6).
-4
Let l = -11 + 7. Let t be l/(-14) - 69/21. Let m(r) = -2 + 2 + 3 + r. Calculate m(t).
0
Let a(r) be the third derivative of r**7/840 + r**6/45 + r**5/120 - r**4/6 - 13*r**3/6 + 28*r**2. Let c(b) be the first derivative of a(b). Determine c(-8).
-12
Suppose 0 = -4*t + t - 9, 4*i + 5*t - 37 = 0. Let m be i - 9 - 7/1. Let p(a) = a**2 + 2*a + 3. Calculate p(m).
6
Let i = 26 - 21. Let k(x) = -x**2 + x - 5. Let s be k(i). Let t = 22 + s. Let v(l) = l**2 + 3*l - 1. Give v(t).
-1
Let w(z) = 20*z**2 - 7. Suppose -4*m - 3*k - 21 = -9, 0 = 3*m + 3*k + 6. Let f(v) = -39*v**2 + 13. Let g(t) = m*f(t) - 11*w(t). Calculate g(-1).
13
Let s(j) be the first derivative of -5/6*j**3 + 1 + 0*j + 1/60*j**5 + 4*j**2 - 5/24*j**4. Let h(p) be the second derivative of s(p). Calculate h(6).
1
Let g = -82 + 76. Let j be 1 + 4 + -9 - (g + 0). Let c(u) = u + 2. Determine c(j).
4
Let r be 6*(80/24)/(-10). Let a(j) = -5*j**2 - 1. Calculate a(r).
-21
Let l = -4 + 8. Let a be (10/4)/(2/l). Let n(k) = -3*k**3 + 2*k**3 - 2*k + 6*k**2 - 5*k + 2. What is n(a)?
-8
Let l(t) = -5*t**2 + 156 - 3*t + 157 + t**3 + 158 - 475. Calculate l(6).
14
Let j(z) = -z**2 - 15*z - 12. Let x be 21/(-14)*(-8)/6 + -17. Calculate j(x).
-12
Let h(r) = 6*r - 3. Let u(t) = t**3 - 7*t**2 + t - 2. Let y be u(7). Suppose y*b = -0*b - 75. Let x be ((-9)/6)/(b/20). Calculate h(x).
9
Let r be 2 - (-6)/(2 - -1). Let h be 4/6*(-8)/((-48)/18). Let a(n) = -n + r*n**2 + 0*n - 3*n**h. Calculate a(0).
0
Suppose m + 4 = 2*c, -4*c = 2*m - 3*c + 3. Suppose 0 = -n + 2*r + 5, -n + 3*r + 0*r = -6. Let s(u) = 7*u + n + 0 + 0. Calculate s(m).
-11
Let t = 197 - 75. Let o(g) = -63 + t - 57 + 2*g - g**2. Calculate o(5).
-13
Let x(v) be the second derivative of 3*v**3/2 + 10*v**2 + v - 10. Determine x(-3).
-7
Let b(i) = i**2 + 5*i - 5. Let t(z) = z**2 + 9*z - 6. Let o be (-13 - -1) + 12/4. Let n be t(o). Calculate b(n).
1
Let t(a) = 5*a + 0*a**2 - 4*a**2 - 335 + 3*a**2 + 333. Let x(n) = -1. Let u(q) = t(q) - 4*x(q). Suppose 0 = 2*j - 0*j - 8. Calculate u(j).
6
Let p(k) = 3*k**2 - 2*k + 1. Let y be p(2). Let q(h) = 2*h - 23. Let x(j) = -j + 11. Let c(l) = y*x(l) + 4*q(l). What is c(7)?
0
Let c(f) = f**2 - 2*f - 9. Let m be c(-3). Let y(d) = d**3 - 5*d**2 - 3*d - 5. Determine y(m).
13
Let o(w) = 7*w**2 - w. Suppose 16*t = 19*t - 21. Suppose -t*b = -5 - 2. Determine o(b).
6
Let r = -19 + 26. Suppose -2*i + 25 = -r*i. Let g(y) = y - 6. Let x(p) = p - 5. Let v(h) = 2*g(h) - 3*x(h). Give v(i).
8
Let f(d) be the second derivative of d**4/12 - d**3 + 3*d**2/2 - 574*d. Let r(h) = -h. Let a be r(-5). Calculate f(a).
-2
Let c = 41 - 35. Let r(w) be the second derivative of 5*w**3/6 - 2*w**2 + w + 20. Give r(c).
26
Let z(q) = -10*q**2 + 4 + 5 + 8*q + q**3 - 4 - 3. Give z(9).
-7
Let r(x) = 14*x + 5. Suppose 3*m + 28 = -4*t + 23, 4*t = -5*m + 5. Give r(m).
75
Let g be -9 + 7 + -14*4/8. Let h(p) = p**2 + 7*p - 4. Determine h(g).
14
Let c be (-3)/6 + 2 + 117/18. Let h(y) = -y**2 + y. Let n(l) = -4*l**2 - 3*l + 6. Let u(s) = 5*h(s) - n(s). Calculate u(c).
-6
Let y(r) = -r + 8. Let c be y(3). Suppose 7*p + 38 = 5*p + 4*h, -c*h + 2 = p. Let i(a) = -a**2 - 14*a - 15. Calculate i(p).
-2
Let v(c) = -2*c**3 + 5*c**2 - 8. Let t be v(2). Let n(b) = -b**3 - 3*b**2 + 3*b. What is n(t)?
4
Suppose 0 = -2*s + 4. Let a(t) = t**2 + 2*t - 1. Calculate a(s).
7
Suppose 66 = 52*x - 63*x. Let j(q) = q**3 + 7*q**2 + 5*q + 6. Determine j(x).
12
Let h(x) = 4*x + 3. Let g be h(-2). Let t be g/15 - (-64)/3. Let u be (-6)/4*70/